{"id":1581,"date":"2022-09-13T07:45:01","date_gmt":"2022-09-13T07:45:01","guid":{"rendered":"https:\/\/jpx.ro\/karpatia\/?page_id=1581"},"modified":"2023-01-05T09:42:15","modified_gmt":"2023-01-05T09:42:15","slug":"gdpr","status":"publish","type":"page","link":"https:\/\/jpx.ro\/repo\/gdpr\/","title":{"rendered":"GDPR"},"content":{"rendered":"\t\t<div data-elementor-type=\"wp-page\" data-elementor-id=\"1581\" class=\"elementor elementor-1581\">\n\t\t\t\t\t\t\t\t\t<section class=\"elementor-section elementor-top-section elementor-element elementor-element-422cf6b elementor-section-boxed elementor-section-height-default elementor-section-height-default\" data-id=\"422cf6b\" data-element_type=\"section\" data-settings=\"{&quot;background_background&quot;:&quot;classic&quot;}\">\n\t\t\t\t\t\t<div class=\"elementor-container elementor-column-gap-default\">\n\t\t\t\t\t<div class=\"elementor-column elementor-col-100 elementor-top-column elementor-element elementor-element-25d16b7\" data-id=\"25d16b7\" data-element_type=\"column\">\n\t\t\t<div class=\"elementor-widget-wrap elementor-element-populated\">\n\t\t\t\t\t\t\t\t<section class=\"elementor-section elementor-inner-section elementor-element elementor-element-2a18ef2 elementor-section-boxed elementor-section-height-default elementor-section-height-default\" data-id=\"2a18ef2\" data-element_type=\"section\">\n\t\t\t\t\t\t<div class=\"elementor-container elementor-column-gap-default\">\n\t\t\t\t\t<div class=\"elementor-column elementor-col-100 elementor-inner-column elementor-element elementor-element-a5a0c81\" data-id=\"a5a0c81\" data-element_type=\"column\">\n\t\t\t<div class=\"elementor-widget-wrap elementor-element-populated\">\n\t\t\t\t\t\t\t\t<div class=\"elementor-element elementor-element-f7da375 elementor-widget elementor-widget-heading\" data-id=\"f7da375\" data-element_type=\"widget\" data-widget_type=\"heading.default\">\n\t\t\t\t<div class=\"elementor-widget-container\">\n\t\t\t<style>\/*! elementor - v3.7.7 - 20-09-2022 *\/\n.elementor-heading-title{padding:0;margin:0;line-height:1}.elementor-widget-heading .elementor-heading-title[class*=elementor-size-]>a{color:inherit;font-size:inherit;line-height:inherit}.elementor-widget-heading .elementor-heading-title.elementor-size-small{font-size:15px}.elementor-widget-heading .elementor-heading-title.elementor-size-medium{font-size:19px}.elementor-widget-heading .elementor-heading-title.elementor-size-large{font-size:29px}.elementor-widget-heading .elementor-heading-title.elementor-size-xl{font-size:39px}.elementor-widget-heading .elementor-heading-title.elementor-size-xxl{font-size:59px}<\/style><h1 class=\"elementor-heading-title elementor-size-default\">Protec\u021bia datelor<\/h1>\t\t<\/div>\n\t\t\t\t<\/div>\n\t\t\t\t\t<\/div>\n\t\t<\/div>\n\t\t\t\t\t\t\t<\/div>\n\t\t<\/section>\n\t\t\t\t\t<\/div>\n\t\t<\/div>\n\t\t\t\t\t\t\t<\/div>\n\t\t<\/section>\n\t\t\t\t<section class=\"elementor-section elementor-top-section elementor-element elementor-element-6f2c894 elementor-section-boxed elementor-section-height-default elementor-section-height-default\" data-id=\"6f2c894\" data-element_type=\"section\" data-settings=\"{&quot;background_background&quot;:&quot;classic&quot;}\">\n\t\t\t\t\t\t<div class=\"elementor-container elementor-column-gap-default\">\n\t\t\t\t\t<div class=\"elementor-column elementor-col-100 elementor-top-column elementor-element elementor-element-bcff605\" data-id=\"bcff605\" data-element_type=\"column\">\n\t\t\t<div class=\"elementor-widget-wrap elementor-element-populated\">\n\t\t\t\t\t\t\t\t<div class=\"elementor-element elementor-element-cabebc3 elementor-widget elementor-widget-heading\" data-id=\"cabebc3\" data-element_type=\"widget\" data-widget_type=\"heading.default\">\n\t\t\t\t<div class=\"elementor-widget-container\">\n\t\t\t<h3 class=\"elementor-heading-title elementor-size-default\">Protectia datelor<\/h3>\t\t<\/div>\n\t\t\t\t<\/div>\n\t\t\t\t\t<\/div>\n\t\t<\/div>\n\t\t\t\t\t\t\t<\/div>\n\t\t<\/section>\n\t\t\t\t<section class=\"elementor-section elementor-top-section elementor-element elementor-element-1b915c7 elementor-hidden-tablet elementor-hidden-mobile elementor-section-boxed elementor-section-height-default elementor-section-height-default\" data-id=\"1b915c7\" data-element_type=\"section\">\n\t\t\t\t\t\t<div class=\"elementor-container elementor-column-gap-default\">\n\t\t\t\t\t<div class=\"elementor-column elementor-col-33 elementor-top-column elementor-element elementor-element-b3a7f46\" data-id=\"b3a7f46\" data-element_type=\"column\">\n\t\t\t<div class=\"elementor-widget-wrap\">\n\t\t\t\t\t\t\t\t\t<\/div>\n\t\t<\/div>\n\t\t\t\t<div class=\"elementor-column elementor-col-33 elementor-top-column elementor-element elementor-element-e932b28\" data-id=\"e932b28\" data-element_type=\"column\" data-settings=\"{&quot;background_background&quot;:&quot;classic&quot;}\">\n\t\t\t<div class=\"elementor-widget-wrap elementor-element-populated\">\n\t\t\t\t\t\t\t\t<div class=\"elementor-element elementor-element-b8d229c elementor-view-default elementor-widget elementor-widget-icon\" data-id=\"b8d229c\" data-element_type=\"widget\" data-widget_type=\"icon.default\">\n\t\t\t\t<div class=\"elementor-widget-container\">\n\t\t\t\t\t<div class=\"elementor-icon-wrapper\">\n\t\t\t<div class=\"elementor-icon\">\n\t\t\t<i aria-hidden=\"true\" class=\"fas fa-arrow-down\"><\/i>\t\t\t<\/div>\n\t\t<\/div>\n\t\t\t\t<\/div>\n\t\t\t\t<\/div>\n\t\t\t\t\t<\/div>\n\t\t<\/div>\n\t\t\t\t<div class=\"elementor-column elementor-col-33 elementor-top-column elementor-element elementor-element-6703dc6\" data-id=\"6703dc6\" data-element_type=\"column\">\n\t\t\t<div class=\"elementor-widget-wrap\">\n\t\t\t\t\t\t\t\t\t<\/div>\n\t\t<\/div>\n\t\t\t\t\t\t\t<\/div>\n\t\t<\/section>\n\t\t\t\t<section class=\"elementor-section elementor-top-section elementor-element elementor-element-b6fcbb3 elementor-section-boxed elementor-section-height-default elementor-section-height-default\" data-id=\"b6fcbb3\" data-element_type=\"section\">\n\t\t\t\t\t\t<div class=\"elementor-container elementor-column-gap-default\">\n\t\t\t\t\t<div class=\"elementor-column elementor-col-100 elementor-top-column elementor-element elementor-element-d018da8\" data-id=\"d018da8\" data-element_type=\"column\">\n\t\t\t<div class=\"elementor-widget-wrap elementor-element-populated\">\n\t\t\t\t\t\t\t\t<div class=\"elementor-element elementor-element-9c9b0f8 elementor-widget elementor-widget-text-editor\" data-id=\"9c9b0f8\" data-element_type=\"widget\" data-widget_type=\"text-editor.default\">\n\t\t\t\t<div class=\"elementor-widget-container\">\n\t\t\t<style>\/*! elementor - v3.7.7 - 20-09-2022 *\/\n.elementor-widget-text-editor.elementor-drop-cap-view-stacked .elementor-drop-cap{background-color:#818a91;color:#fff}.elementor-widget-text-editor.elementor-drop-cap-view-framed .elementor-drop-cap{color:#818a91;border:3px solid;background-color:transparent}.elementor-widget-text-editor:not(.elementor-drop-cap-view-default) .elementor-drop-cap{margin-top:8px}.elementor-widget-text-editor:not(.elementor-drop-cap-view-default) .elementor-drop-cap-letter{width:1em;height:1em}.elementor-widget-text-editor .elementor-drop-cap{float:left;text-align:center;line-height:1;font-size:50px}.elementor-widget-text-editor .elementor-drop-cap-letter{display:inline-block}<\/style>\t\t\t\t<p class=\"western\"><strong>Politic\u0103 de Confiden\u021bialitate cu privire la prelucrarea datelor cu caracter personal<\/strong><\/p><p class=\"western\">Consider\u0103m asigurarea dreptului la protec\u021bia datelor cu caracter personal ca un angajament fundamental Pop Industry, prin urmare vom dedica toate resursele \u0219i eforturile necesare pentru a prelucra datele dumneavoastr\u0103 \u00een deplin\u0103 concordan\u021b\u0103 cu Regulamentul (UE) 2016\/679 (\u201cRegulamentul general privind protec\u021bia datelor\u201d sau \u201cGDPR\u201d), precum \u0219i cu orice alt\u0103 legisla\u021bie aplicabil\u0103 pe teritoriul Romaniei. \u00centruc\u00e2t unul dintre principiile esen\u021biale ale acestui cadrul legal \u00eel reprezint\u0103 transparen\u021ba, am preg\u0103tit aceast document prin care dorim s\u0103 v\u0103 inform\u0103m despre modul \u00een care colect\u0103m, utiliz\u0103m, transfer\u0103m \u0219i protej\u0103m datele dvs cu caracter personal atunci c\u00e2nd interac\u021biona\u021bi cu noi \u00een leg\u0103tur\u0103 cu produsele \u0219i serviciile noastre, inclusiv prin site-ul nostru web sau prin aplica\u021biile disponibile pe telefonul mobil.<\/p><p class=\"western\">Ne rezerv\u0103m dreptul de a actualiza \u0219i modifica periodic aceast\u0103 Politic\u0103 de Confiden\u021bialitate, pentru a reflecta orice modific\u0103ri ale modului \u00een care prelucr\u0103m datele dumneavoastr\u0103 cu caracter personal sau orice modific\u0103ri ale cerin\u021belor legale. \u00cen cazul oric\u0103rei astfel de modific\u0103ri, vom afi\u0219a pe website-ul nostru versiunea modificat\u0103 a Politicii de Confiden\u021bialitate, motiv pentru care va rugam sa verificati periodic continutul acestei Politici de Confidentialitate.<\/p><p class=\"western\"><strong>Ce categorii de date cu caracter personal prelucr\u0103m<\/strong><\/p><p class=\"western\">\u00cen general, colect\u0103m datele dvs. cu caracter personal direct de la dumneavoastr\u0103, astfel \u00eenc\u00e2t ave\u021bi controlul asupra tipului de informa\u021bie pe care ne-o oferi\u021bi. Cu titlul de exemplu, primim informa\u021bii de la dvs. astfel:<\/p><p class=\"western\">C\u00e2nd trimiteti o solicitare pe www.repo.com.ro, ne transmite\u021bi: adresa de e-mail, numele \u0219i prenumele;<\/p><p class=\"western\">C\u00e2nd plasa\u021bi o comand\u0103, ne furniza\u021bi informa\u021bii precum: produsul dorit, numele si prenumele, adresa de livrare, detalii de facturare, metoda de plat\u0103, num\u0103r de telefon etc.<\/p><p class=\"western\">Nu colect\u0103m \u0219i nu prelucr\u0103m \u00een alt mod date sensibile, incluse de Regulamentul general privind protec\u021bia datelor \u00een categorii speciale de date cu caracter personal. De asemenea, nu dorim s\u0103 colect\u0103m sau s\u0103 prelucr\u0103m date ale minorilor care nu au \u00eemplinit varsta de 16 ani<strong>.<\/strong><\/p><p class=\"western\"><strong>Care sunt scopurile \u0219i temeiurile prelucr\u0103rii<\/strong><\/p><p class=\"western\"><strong>Vom utiliza datele dvs. cu caracter personal \u00een urm\u0103toarele scopuri<\/strong><\/p><p class=\"western\">a) Prelucrarea comenzilor, inclusiv preluarea, validarea, expedierea \u0219i facturarea acestora;<\/p><p class=\"western\">b) Solutionarea anul\u0103rilor sau a problemelor de orice natur\u0103 referitoare la o comand\u0103, la bunurile sau serviciile achizi\u021bionate;<\/p><p class=\"western\">c) Returnarea produselor conform prevederilor legale;<\/p><p class=\"western\">Prelucrarea datelor dvs. pentru aceste scopuri este \u00een cele mai multe cazuri necesar\u0103 pentru \u00eencheierea \u0219i executarea unui contract \u00eentre Pop Industry S.R.L. \u0219i dumneavoastr\u0103. De asemenea, anumite prelucr\u0103ri subsumate acestor scopuri sunt impuse de legisla\u021bia aplicabil\u0103, inclusiv legisla\u021bia fiscal\u0103 \u0219i contabil\u0103.<\/p><p class=\"western\">Ne \u00eentemeiem aceste activit\u0103\u021bi pe interesul nostru legitim de a desf\u0103\u0219ura activit\u0103\u021bi comerciale, av\u00e2nd \u00eentotdeauna grij\u0103 ca drepturile \u0219i libert\u0103\u021bile dvs. fundamentale s\u0103 nu fie afectate.<\/p><p class=\"western\">Temeiul general al acestor tipuri de prelucr\u0103ri este interesul nostru legitim de a ne ap\u0103ra activitatea comercial\u0103, fiind \u00een\u021beles c\u0103 ne asigur\u0103m c\u0103 toate m\u0103surile pe care le lu\u0103m garanteaz\u0103 un echilibru \u00eentre interesele noastre \u0219i drepturile \u0219i libert\u0103\u021bile dvs. fundamentale.<\/p><p class=\"western\">De asemenea, \u00een anumite cazuri ne \u00eentemeiem prelucrarea pe dispozi\u021bii legale cum ar fi obliga\u021bia de a asigura paza bunurilor \u0219i valorilor prev\u0103zut\u0103 de legislatia aplicabila in aceasta materie.<\/p><p class=\"western\"><strong>Cui transmitem datele dvs. cu caracter personal<\/strong><\/p><p class=\"western\">Dup\u0103 caz, putem transmite sau oferi acces la anumite date cu caracter personal ale dvs. urm\u0103toarelor categorii de destinatari:<\/p><p class=\"western\">furnizorilor de servicii de curierat;<\/p><p class=\"western\">furnizorilor de servicii de plat\u0103\/bancare;<\/p><p class=\"western\">furnizorilor de servicii de marketing \/ telemarketing;<\/p><p class=\"western\">furnizorilor de servicii IT;<\/p><p class=\"western\">altor societ\u0103\u021bi cu care putem dezvolta programe comune de ofertare pe pia\u021b\u0103 a bunurilor si serviciilor noastre.<\/p><p class=\"western\">\u00cen cazul \u00een care ne revine o obliga\u021bie legal\u0103 sau dac\u0103 este necesar pentru a ne ap\u0103ra un interes legitim, putem de asemenea divulga anumite date cu caracter personal unor autorit\u0103\u021bi publice.<\/p><p class=\"western\">Ne asigur\u0103m c\u0103 accesul la datele dvs. de c\u0103tre ter\u021bii persoane juridice de drept privat se realizeaza \u00een conformitate cu prevederile legale privind protec\u021bia datelor si confiden\u021bialitatea informa\u021biilor, \u00een baza unor contracte \u00eencheiate cu ace\u0219tia.<\/p><p class=\"western\">Ne angaj\u0103m s\u0103 asigur\u0103m securitatea datelor cu caracter personal prin implementarea unor m\u0103suri tehnice \u0219i organizatorice adecvate, conform standardelor industriei.<\/p><p class=\"western\">\u00cen ciuda m\u0103surilor luate pentru a proteja datele dvs. cu caracter personal, v\u0103 atragem aten\u0163ia c\u0103 transmiterea informa\u0163iilor prin Internet, \u00een general, sau prin intermediul altor re\u0163ele publice, nu este complet sigur\u0103, exist\u00e2nd riscul ca datele s\u0103 fie v\u0103zute \u015fi utilizate de c\u0103tre ter\u0163e p\u0103r\u0163i neautorizate. Nu putem fi responsabili pentru astfel de vulnerabilit\u0103\u021bi ale unor sisteme care nu sunt sub controlul nostru.<\/p><p class=\"western\"><strong>Portabilitatea datelor<\/strong><\/p><p class=\"western\">Ne pute\u021bi cere s\u0103 v\u0103 furniz\u0103m datele cu caracter personal \u00eentr-un format structurat, utilizat \u00een mod curent \u0219i care poate fi citit automat, sau pute\u021bi solicita ca acesta s\u0103 fie \u201eportat\u201d direct c\u0103tre un alt operator de date, dar \u00een fiecare caz numai dac\u0103:<\/p><p class=\"western\">prelucrarea se bazeaz\u0103 pe consim\u021b\u0103m\u00e2ntul dvs. sau pe \u00eencheierea sau executarea unui contract cu dvs; \u0219i<\/p><p class=\"western\">prelucrarea se face prin mijloace automate.<\/p><p class=\"western\"><strong>Opozi\u021bia<\/strong><\/p><p class=\"western\">V\u0103 pute\u021bi opune \u00een orice moment, din motive legate de situa\u021bia particular\u0103 \u00een care v\u0103 afla\u021bi, prelucr\u0103rii datelor dvs. cu caracter personal \u00een temeiul interesului nostru legitim, \u00een cazul \u00een care considera\u021bi c\u0103 drepturile \u0219i libert\u0103\u021bile dvs. fundamentale prevaleaz\u0103 fa\u021b\u0103 de acest interes.<\/p><p class=\"western\">De asemenea, v\u0103 pute\u021bi opune oric\u00e2nd prelucr\u0103rii datelor dvs. \u00een scop de marketing direct (inclusiv crearea de profiluri), f\u0103r\u0103 a invoca vreun motiv, caz \u00een care vom \u00eenceta \u00een cel mai scurt timp posibil aceast\u0103 prelucrare.<\/p><p class=\"western\"><strong>Luarea de decizii automate<\/strong><\/p><p class=\"western\">Pute\u021bi cere s\u0103 nu face\u021bi obiectul unei decizii bazate exclusiv pe prelucrarea automat\u0103, dar numai atunci c\u00e2nd decizia respectiv\u0103:<\/p><p class=\"western\">produce efecte juridice cu privire la dvs.; sau<\/p><p class=\"western\">v\u0103 afecteaz\u0103 \u00een alt mod similar \u0219i \u00eentr-o m\u0103sur\u0103 semnificativ\u0103.<\/p><p class=\"western\">Acest drept nu se aplic\u0103 \u00een cazul \u00een care decizia la care s-a ajuns \u00een urma lu\u0103rii automate a deciziilor:<\/p><p class=\"western\">ne este necesar\u0103 pentru a \u00eencheia sau a derula un contract cu dvs.;<\/p><p class=\"western\">este autorizat\u0103 prin lege \u0219i exist\u0103 garan\u021bii adecvate pentru drepturile \u0219i libert\u0103\u021bile dvs.; sau<\/p><p class=\"western\">se bazeaz\u0103 pe consim\u021b\u0103m\u00e2ntul dvs. explicit.<\/p><p class=\"western\"><strong>Pl\u00e2ngeri<\/strong><\/p><p class=\"western\">Ave\u021bi dreptul s\u0103 depune\u021bi o pl\u00e2ngere la autoritatea de supraveghere cu privire la prelucrarea datelor dvs. cu caracter personal. \u00cen Rom\u00e2nia, datele de contact ale autorit\u0103\u021bii de supraveghere pentru protec\u021bia datelor sunt urm\u0103toarele:<\/p><p class=\"western\">Autoritatea Na\u021bional\u0103 de Supraveghere a Prelucr\u0103rii Datelor cu Caracter Personal<\/p><p class=\"western\">B-dul G-ral. Gheorghe Magheru nr. 28-30, Sector 1, cod po\u0219tal 010336, Bucure\u0219ti, Romania<\/p><p class=\"western\">Telefon: +40.318.059.211 sau +40.318.059.212;<\/p><p class=\"western\">E-mail:anspdcp@dataprotection.ro<\/p><p class=\"western\">F\u0103r\u0103 a v\u0103 afecta dreptul dvs de a contacta \u00een orice moment autoritatea de supraveghere, v\u0103 rug\u0103m s\u0103 ne contacta\u021bi \u00een prealabil, \u0219i v\u0103 promitem c\u0103 vom depune toate eforturile necesare pentru a rezolva orice problem\u0103 pe cale amiabil\u0103.<\/p>\t\t\t\t\t\t<\/div>\n\t\t\t\t<\/div>\n\t\t\t\t\t<\/div>\n\t\t<\/div>\n\t\t\t\t\t\t\t<\/div>\n\t\t<\/section>\n\t\t\t\t\t\t\t<\/div>\n\t\t","protected":false},"excerpt":{"rendered":"<p>Protec\u021bia datelor Protectia datelor Politic\u0103 de Confiden\u021bialitate cu privire la prelucrarea datelor cu caracter personal Consider\u0103m asigurarea dreptului la protec\u021bia datelor cu caracter personal ca un angajament fundamental Pop Industry, prin urmare vom dedica toate resursele \u0219i eforturile necesare pentru a prelucra datele dumneavoastr\u0103 \u00een deplin\u0103 concordan\u021b\u0103 cu Regulamentul (UE) 2016\/679 (\u201cRegulamentul general privind protec\u021bia [&hellip;]<\/p>\n","protected":false},"author":1,"featured_media":0,"parent":0,"menu_order":0,"comment_status":"closed","ping_status":"closed","template":"","meta":{"footnotes":""},"class_list":["post-1581","page","type-page","status-publish","hentry"],"_links":{"self":[{"href":"https:\/\/jpx.ro\/repo\/wp-json\/wp\/v2\/pages\/1581","targetHints":{"allow":["GET"]}}],"collection":[{"href":"https:\/\/jpx.ro\/repo\/wp-json\/wp\/v2\/pages"}],"about":[{"href":"https:\/\/jpx.ro\/repo\/wp-json\/wp\/v2\/types\/page"}],"author":[{"embeddable":true,"href":"https:\/\/jpx.ro\/repo\/wp-json\/wp\/v2\/users\/1"}],"replies":[{"embeddable":true,"href":"https:\/\/jpx.ro\/repo\/wp-json\/wp\/v2\/comments?post=1581"}],"version-history":[{"count":26,"href":"https:\/\/jpx.ro\/repo\/wp-json\/wp\/v2\/pages\/1581\/revisions"}],"predecessor-version":[{"id":15489,"href":"https:\/\/jpx.ro\/repo\/wp-json\/wp\/v2\/pages\/1581\/revisions\/15489"}],"wp:attachment":[{"href":"https:\/\/jpx.ro\/repo\/wp-json\/wp\/v2\/media?parent=1581"}],"curies":[{"name":"wp","href":"https:\/\/api.w.org\/{rel}","templated":true}]}}