{"id":7318,"date":"2021-03-07T22:05:35","date_gmt":"2021-03-07T20:05:35","guid":{"rendered":"https:\/\/acoperisuri-tigle-metalice.ro\/e\/?post_type=product&#038;p=7318"},"modified":"2025-05-21T13:47:56","modified_gmt":"2025-05-21T10:47:56","slug":"masina-pentru-cantarire-in-flux-cjb2000","status":"publish","type":"product","link":"https:\/\/jpx.ro\/eurodac\/product\/masina-pentru-cantarire-in-flux-cjb2000\/","title":{"rendered":"Ma\u0219in\u0103 pentru c\u00e2nt\u0103rire \u00een flux \u2013 EDA200"},"content":{"rendered":"\t\t<div data-elementor-type=\"product-post\" data-elementor-id=\"7318\" class=\"elementor elementor-7318\" data-elementor-post-type=\"product\">\n\t\t\t\t\t\t<section class=\"elementor-section elementor-top-section elementor-element elementor-element-0dbe418 elementor-section-boxed elementor-section-height-default elementor-section-height-default\" data-id=\"0dbe418\" data-element_type=\"section\" data-e-type=\"section\">\n\t\t\t\t\t\t<div class=\"elementor-container elementor-column-gap-default\">\n\t\t\t\t\t<div class=\"elementor-column elementor-col-100 elementor-top-column elementor-element elementor-element-50c2415\" data-id=\"50c2415\" data-element_type=\"column\" data-e-type=\"column\">\n\t\t\t<div class=\"elementor-widget-wrap elementor-element-populated\">\n\t\t\t\t\t\t<div class=\"elementor-element elementor-element-8acbee0 e-tabs-view-vertical elementor-layout-end elementor-widget elementor-widget-video-playlist\" data-id=\"8acbee0\" data-element_type=\"widget\" data-e-type=\"widget\" data-settings=\"{&quot;playlist_title&quot;:&quot;Playlist&quot;,&quot;tabs&quot;:[{&quot;_id&quot;:&quot;9f72148&quot;,&quot;type&quot;:&quot;hosted&quot;,&quot;hosted_url&quot;:{&quot;url&quot;:&quot;http:\\\/\\\/jpx.ro\\\/eurodac\\\/wp-content\\\/uploads\\\/2021\\\/03\\\/Untitled-video-Made-with-Clipchamp-9.mp4&quot;,&quot;id&quot;:10650,&quot;size&quot;:&quot;&quot;},&quot;title&quot;:&quot;Ma\\u0219in\\u0103 pentru c\\u00e2nt\\u0103rire \\u00een flux&quot;,&quot;youtube_url&quot;:null,&quot;vimeo_url&quot;:null,&quot;is_external_url&quot;:&quot;&quot;,&quot;external_url&quot;:null,&quot;section_html_tag&quot;:null,&quot;video_html_tag&quot;:&quot;h4&quot;,&quot;duration&quot;:&quot;&quot;,&quot;thumbnail&quot;:{&quot;url&quot;:&quot;https:\\\/\\\/jpx.ro\\\/eurodac\\\/wp-content\\\/plugins\\\/elementor\\\/assets\\\/images\\\/placeholder.png&quot;,&quot;id&quot;:&quot;&quot;,&quot;size&quot;:&quot;&quot;},&quot;inner_tab_is_content_visible&quot;:&quot;&quot;,&quot;inner_tab_content_1&quot;:null,&quot;inner_tab_content_2&quot;:null}],&quot;inner_tab_title_1&quot;:&quot;Tab #1&quot;,&quot;inner_tab_title_2&quot;:&quot;Tab #2&quot;}\" data-widget_type=\"video-playlist.default\">\n\t\t\t\t<div class=\"elementor-widget-container\">\n\t\t\t\t\t\n\t\t<div class=\"e-tabs\" role=\"region\" aria-labelledby=\"e-playlist-8acbee0\">\n\t\t\t<div class=\"e-tabs-main-area\">\n\t\t\t\t<div class=\"e-tabs-wrapper\">\n\t\t\t\t\t<div class=\"e-tabs-header\">\n\t\t\t\t\t\t<h2 class=\"e-tabs-title\" id=\"e-playlist-8acbee0\">Playlist<\/h2>\n\t\t\t\t\t\t<div class=\"e-tabs-header-right-side\">\n\t\t\t\t\t\t\t\t\t\t\t\t\t\t\t<span class=\"e-tabs-videos-count\">1 Videos<\/span>\n\t\t\t\t\t\t\t\t\t\t\t\t\t\t<i aria-hidden=\"true\" class=\"e-tabs-toggle-videos-display-button rotate-down eicon-caret-down\"><\/i>\t\t\t\t\t\t<\/div>\n\t\t\t\t\t<\/div>\n\t\t\t\t\t<div class=\"e-tabs-items-wrapper\">\n\t\t\t\t\t\t<div class=\"e-tabs-items\" role=\"tablist\">\n\t\t\t\t\t\t\t\t\t\t\t\t\t\t\t\t\t\t\t\t\t\t\t\t<div id=\"e-tab-title-1451\" class=\"e-tab-title e-tab-desktop-title\" aria-selected=\"true\" data-tab=\"1\" role=\"tab\" tabindex=\"0\" aria-controls=\"e-tab-content-1451\">\n\t\t\t\t\t\t\t\t\t\t\t\t\t\t\t\t\t\t\t\t\t<div class=\"e-tab-thumbnail\">\n\t\t\t\t\t\t\t\t\t\t\t\t\t\t\t\t\t\t\t\t\t\t\t\t\t<img decoding=\"async\" src=\"https:\/\/jpx.ro\/eurodac\/wp-content\/plugins\/elementor\/assets\/images\/placeholder.png\" alt=\"Ma\u0219in\u0103 pentru c\u00e2nt\u0103rire \u00een flux\" loading=\"lazy\" \/>\n\t\t\t\t\t\t\t\t\t\t\t\t\t\t\t\t\t\t\t\t\t\t\t\t<span class=\"icon-play\"><i aria-hidden=\"true\" class=\"fas fa-play-circle\"><\/i><\/span>\n\t\t\t\t\t\t\t\t\t\t\t\t<span class=\"icon-watched\"><i aria-hidden=\"true\" class=\"fas fa-check-circle\"><\/i><\/span>\n\t\t\t\t\t\t\t\t\t\t\t<\/div>\n\t\t\t\t\t\t\t\t\t\t\t\t\t\t\t\t\t\t\t\t<h4 class=\"e-tab-title-text\">\n\t\t\t\t\t\t\t\t\t\t\t<button type=\"button\">Ma\u0219in\u0103 pentru c\u00e2nt\u0103rire \u00een flux<\/button>\n\t\t\t\t\t\t\t\t\t\t<\/h4>\n\t\t\t\t\t\t\t\t\t\t\t\t\t\t\t\t\t\t\t<\/div>\n\t\t\t\t\t\t\t\t\t\t\t\t\t\t\t\t\t\t\t\t\t<\/div>\n\t\t\t\t\t\t<div class=\"shadow shadow-top\" aria-hidden=\"true\"><\/div>\n\t\t\t\t\t\t<div class=\"shadow shadow-bottom\" aria-hidden=\"true\"><\/div>\n\t\t\t\t\t<\/div>\n\t\t\t\t<\/div>\n\n\t\t\t\t<div class=\"e-tabs-content-wrapper\" role=\"tablist\" aria-orientation=\"vertical\">\n\t\t\t\t\t\t\t\t\t\t\t<div id=\"e-tab-content-1451\" class=\"e-tab-content elementor-clearfix\" data-tab=\"1\" role=\"tabpanel\" aria-labelledby=\"e-tab-title-1451\" tabindex=\"0\" data-video-url=\"https:\/\/jpx.ro\/eurodac\/wp-content\/uploads\/2021\/03\/Untitled-video-Made-with-Clipchamp-9.mp4\" data-video-type=\"hosted\" data-video-title=\"Ma\u0219in\u0103 pentru c\u00e2nt\u0103rire \u00een flux\" data-video-duration=\"\">\n\t\t\t\t\t\t\t<div><\/div>\n\t\t\t\t\t\t\t\t\t\t\t\t\t<\/div>\n\t\t\t\t\t\t\t\t\t<\/div>\n\t\t\t<\/div>\n\n\t\t\t<div class=\"e-tabs-inner-tabs\" >\n\t\t\t\t\t\t\t\t\t\t\t\t\t\t\t\t<\/div>\n\t\t<\/div>\n\t\t\t\t\t\t<\/div>\n\t\t\t\t<\/div>\n\t\t\t\t\t<\/div>\n\t\t<\/div>\n\t\t\t\t\t<\/div>\n\t\t<\/section>\n\t\t\t\t<\/div>\n\t\t","protected":false},"excerpt":{"rendered":"<p>Ma\u0219ina pentru c\u00e2nt\u0103rire \u00een flux EDA200 este alegerea ideal\u0103 pentru produc\u0103torii mijlocii si mari \u00a0din industriile alimentar\u0103, farmaceutic\u0103, chimic\u0103, cosmetic\u0103 \u0219i din multe alte domenii unde controlul greut\u0103\u021bii in flux este esen\u021bial pentru asigurarea calit\u0103\u021bii \u0219i conformit\u0103\u021bii produselor.Echipamentul EDA200 se remarc\u0103 printr-o precizie excelent\u0103, cu o eroare de c\u00e2nt\u0103rire minima ceea ce \u00eel face ideal pentru verificarea automat\u0103 a greut\u0103\u021bii produselor \u00een flux. Este prev\u0103zut \u00een echiparea standard cu un sistem automat de respingere a produselor neconforme, asigur\u00e2nd astfel o selec\u021bie rapid\u0103 \u0219i eficient\u0103 f\u0103r\u0103 \u00eentreruperea liniei de produc\u021bie.EDA200 poate c\u00e2nt\u0103ri produse cu greut\u0103\u021bi diverse, p\u00e2n\u0103 la un maxim de 20kg, fiind echipat cu ghidaje reglabile \u00een func\u021bie de dimensiunile produsului, pentru o manipulare precis\u0103 \u0219i sigur\u0103. De asemenea, poate fi configurat \u0219i personalizat pentru diferite dimensiuni \u0219i tipuri de produse, ceea ce \u00eel transform\u0103 \u00eentr-un echipament extrem de flexibil \u0219i fiabil.<\/p>\n<p>&nbsp;<\/p>\n<p>Beneficii principale:<\/p>\n<p>&#8211; Precizie ridicat\u0103<\/p>\n<p>&#8211; Detectare \u0219i respingere automat\u0103 a produselor neconforme<\/p>\n<p>&#8211; Adaptabilitate la o gam\u0103 larg\u0103 de dimensiuni \u0219i greut\u0103\u021bi<\/p>\n<p>&#8211; Construc\u021bie robust\u0103, proiectat\u0103 pentru utilizare intensiv\u0103<\/p>\n<p>&#8211; Integrare u\u0219oar\u0103 \u00een linii de produc\u021bie existente<\/p>\n<p>&nbsp;<\/p>\n<p>Op\u021biuni disponibile pentru optimizarea fluxului de produc\u021bie:<\/p>\n<p>&#8211; Conveior de alimentare<\/p>\n<p>&#8211; Echipament pentru distan\u021barea produselor<\/p>\n<p>&#8211; Conveior de evacuare<\/p>\n<p>&nbsp;<\/p>\n<p>Compatibilitate extins\u0103 cu echipamente Eurodac Automation:<\/p>\n<p>&#8211; Ma\u0219in\u0103 de etichetat<\/p>\n<p>&#8211; Ma\u0219in\u0103 de cartonat<\/p>\n<p>&#8211; Echipament de marcat<\/p>\n<p>&nbsp;<\/p>\n<p>Aplica\u021bii tipice:<\/p>\n<p>&#8211; Industria alimentar\u0103 (ambalaje, pungi, caserole, conserve)<\/p>\n<p>&#8211; Industria farmaceutic\u0103 (cutii, blistere, flacoane)<\/p>\n<p>&#8211; Industria cosmetic\u0103 (cutii, sticlu\u021be, recipiente)<\/p>\n<p>&#8211; Industria chimic\u0103 (ambalaje granulare, pulberi, lichide)<\/p>\n","protected":false},"featured_media":10664,"template":"","meta":[],"product_brand":[],"product_cat":[179],"product_tag":[],"class_list":{"0":"post-7318","1":"product","2":"type-product","3":"status-publish","4":"has-post-thumbnail","6":"product_cat-controlul-calitatii","8":"first","9":"instock","10":"shipping-taxable","11":"product-type-simple"},"brands":[],"_links":{"self":[{"href":"https:\/\/jpx.ro\/eurodac\/wp-json\/wp\/v2\/product\/7318","targetHints":{"allow":["GET"]}}],"collection":[{"href":"https:\/\/jpx.ro\/eurodac\/wp-json\/wp\/v2\/product"}],"about":[{"href":"https:\/\/jpx.ro\/eurodac\/wp-json\/wp\/v2\/types\/product"}],"version-history":[{"count":14,"href":"https:\/\/jpx.ro\/eurodac\/wp-json\/wp\/v2\/product\/7318\/revisions"}],"predecessor-version":[{"id":10909,"href":"https:\/\/jpx.ro\/eurodac\/wp-json\/wp\/v2\/product\/7318\/revisions\/10909"}],"wp:featuredmedia":[{"embeddable":true,"href":"https:\/\/jpx.ro\/eurodac\/wp-json\/wp\/v2\/media\/10664"}],"wp:attachment":[{"href":"https:\/\/jpx.ro\/eurodac\/wp-json\/wp\/v2\/media?parent=7318"}],"wp:term":[{"taxonomy":"product_brand","embeddable":true,"href":"https:\/\/jpx.ro\/eurodac\/wp-json\/wp\/v2\/product_brand?post=7318"},{"taxonomy":"product_cat","embeddable":true,"href":"https:\/\/jpx.ro\/eurodac\/wp-json\/wp\/v2\/product_cat?post=7318"},{"taxonomy":"product_tag","embeddable":true,"href":"https:\/\/jpx.ro\/eurodac\/wp-json\/wp\/v2\/product_tag?post=7318"}],"curies":[{"name":"wp","href":"https:\/\/api.w.org\/{rel}","templated":true}]}}