{"id":7278,"date":"2024-03-06T12:10:58","date_gmt":"2024-03-06T10:10:58","guid":{"rendered":"https:\/\/acoperisuri-tigle-metalice.ro\/e\/?post_type=product&#038;p=7278"},"modified":"2025-05-22T11:11:22","modified_gmt":"2025-05-22T08:11:22","slug":"masina-pentru-infoliere-palet-fp650","status":"publish","type":"product","link":"https:\/\/jpx.ro\/eurodac\/product\/masina-pentru-infoliere-palet-fp650\/","title":{"rendered":"Echipament pentru \u00eenfoliere pale\u021bi FP-650"},"content":{"rendered":"\t\t<div data-elementor-type=\"product-post\" data-elementor-id=\"7278\" class=\"elementor elementor-7278\" data-elementor-post-type=\"product\">\n\t\t\t\t\t\t<section class=\"elementor-section elementor-top-section elementor-element elementor-element-70c7fad elementor-section-boxed elementor-section-height-default elementor-section-height-default\" data-id=\"70c7fad\" data-element_type=\"section\" data-e-type=\"section\">\n\t\t\t\t\t\t<div class=\"elementor-container elementor-column-gap-default\">\n\t\t\t\t\t<div class=\"elementor-column elementor-col-100 elementor-top-column elementor-element elementor-element-50fcc9c\" data-id=\"50fcc9c\" data-element_type=\"column\" data-e-type=\"column\">\n\t\t\t<div class=\"elementor-widget-wrap elementor-element-populated\">\n\t\t\t\t\t\t<div class=\"elementor-element elementor-element-6e5f0a9 elementor-widget elementor-widget-video\" data-id=\"6e5f0a9\" data-element_type=\"widget\" data-e-type=\"widget\" data-settings=\"{&quot;video_type&quot;:&quot;hosted&quot;,&quot;autoplay&quot;:&quot;yes&quot;,&quot;play_on_mobile&quot;:&quot;yes&quot;,&quot;mute&quot;:&quot;yes&quot;,&quot;loop&quot;:&quot;yes&quot;,&quot;controls&quot;:&quot;yes&quot;}\" data-widget_type=\"video.default\">\n\t\t\t\t<div class=\"elementor-widget-container\">\n\t\t\t\t\t\t\t<div class=\"e-hosted-video elementor-wrapper elementor-open-inline\">\n\t\t\t\t\t<video class=\"elementor-video\" src=\"https:\/\/jpx.ro\/eurodac\/wp-content\/uploads\/2021\/03\/FP-650.mp4\" autoplay=\"\" loop=\"\" controls=\"\" muted=\"muted\" playsinline=\"\" controlsList=\"nodownload\"><\/video>\n\t\t\t\t<\/div>\n\t\t\t\t\t\t<\/div>\n\t\t\t\t<\/div>\n\t\t\t\t\t<\/div>\n\t\t<\/div>\n\t\t\t\t\t<\/div>\n\t\t<\/section>\n\t\t\t\t<\/div>\n\t\t","protected":false},"excerpt":{"rendered":"<p>Echipamentul pentru \u00eenfoliere pale\u021bi FP650 reprezint\u0103 o nou\u0103 genera\u021bie de echipamente, fiind dotat cu un bra\u021b rotativ cu motor propriu \u0219i transmisie prin curea. Aceasta este conceput pentru a satisface cu succes nevoile produc\u0103torilor de talie medie \u0219i mare din sectoarele industriilor alimentare, bunurilor de consum, materialelor de construc\u021bii \u0219i ale altor industrii conexe.\u00cen momentul finaliz\u0103rii ciclului de lucru, bra\u021bul acestuia se opre\u0219te \u00een aceea\u0219i pozi\u021bie din care a pornit, aduc\u00e2nd un plus de eficien\u021b\u0103 \u0219i consisten\u021b\u0103 \u00een procesul de \u00eenfoliere. Dotat \u00een varianta standard cu celule fotoelectrice pentru detectarea \u00een\u0103l\u021bimii pale\u021bului \u0219i un sistem special de urgen\u021b\u0103 pentru oprirea bra\u021bului \u00een situa\u021bii de pericol, accentul este pus pe siguran\u021ba utilizatorului.Integrarea panoului de control \u00een coloana \u0219i viteza crescut\u0103 p\u00e2n\u0103 la 15 R.P.M. confer\u0103 echipamentului o flexibilitate \u0219i productivitate sporite. FP650 poate fi u\u0219or integrat \u00een fluxul de produc\u021bie, respect\u00e2nd cu rigurozitate normele de protec\u021bie a muncii conform cerin\u021belor europene.<\/p>\n<p>&nbsp;<\/p>\n<p style=\"font-weight: 400;\">Op\u021bionale:<\/p>\n<p>&#8211; Transportor alimentare<br \/>\n&#8211; Transportor descarcare<br \/>\n&#8211; Ambreiaj motorizat pentru preintindere folie 200% (1m=3m)<br \/>\n&#8211; CP94- extensie coloana si brat pentru inaltimea de 2500 mm<br \/>\n&#8211; CP96- sistem electric de stabilizare palet<br \/>\n&#8211; CP100- sisteme de protectie cu celule fotoelectrice<br \/>\n&#8211; Integrarea in flux cu alte echipamente<\/p>\n<p>&nbsp;<\/p>\n<p style=\"font-weight: 400;\">Compatibilitate echipamente:<\/p>\n<p>&#8211; Echipament de paletizat cu robot<\/p>\n<p>&#8211; Ma\u0219in\u0103 de etichetat palet<\/p>\n<p>&#8211; Sistem inscriptionare<\/p>\n<p>&#8211; Elevator<\/p>\n<p>&#8211; Unitate \u201cpick and place\u201d<\/p>\n<p>&nbsp;<\/p>\n<p style=\"font-weight: 400;\">Caracteristici tehnice:<\/p>\n<p>&#8211; Viteza maxim\u0103 platform\u0103 rotativ\u0103 [R.P.M.]: 15<\/p>\n<p>&#8211; Dimensiuni maxime palet [Lxlxh mm]: 1200 x 1200 x 2200<\/p>\n<p>&#8211; Greutate palet [kg]: nelimitat\u0103<\/p>\n<p>&#8211; \u00cen\u0103l\u021bime maxim\u0103 rola folie [mm]: 500<\/p>\n<p>&#8211; Diametru maxim rola folie [mm]: 300<\/p>\n<p>&#8211; Detectare palet cu celule fotoelectrice<\/p>\n<p>&#8211; Tensiune [VAC]: 380<\/p>\n<p>&#8211; Putere instalat\u0103 [kW]: 0.4<\/p>\n<p>&#8211; Greutate ma\u0219in\u0103 [kg]: 550<\/p>\n<p>&nbsp;<\/p>\n<p>&nbsp;<\/p>\n","protected":false},"featured_media":10034,"template":"","meta":[],"product_brand":[],"product_cat":[204],"product_tag":[],"class_list":{"0":"post-7278","1":"product","2":"type-product","3":"status-publish","4":"has-post-thumbnail","6":"product_cat-infoliere-si-legare-paleti","8":"first","9":"instock","10":"shipping-taxable","11":"product-type-simple"},"brands":[],"_links":{"self":[{"href":"https:\/\/jpx.ro\/eurodac\/wp-json\/wp\/v2\/product\/7278","targetHints":{"allow":["GET"]}}],"collection":[{"href":"https:\/\/jpx.ro\/eurodac\/wp-json\/wp\/v2\/product"}],"about":[{"href":"https:\/\/jpx.ro\/eurodac\/wp-json\/wp\/v2\/types\/product"}],"version-history":[{"count":11,"href":"https:\/\/jpx.ro\/eurodac\/wp-json\/wp\/v2\/product\/7278\/revisions"}],"predecessor-version":[{"id":10961,"href":"https:\/\/jpx.ro\/eurodac\/wp-json\/wp\/v2\/product\/7278\/revisions\/10961"}],"wp:featuredmedia":[{"embeddable":true,"href":"https:\/\/jpx.ro\/eurodac\/wp-json\/wp\/v2\/media\/10034"}],"wp:attachment":[{"href":"https:\/\/jpx.ro\/eurodac\/wp-json\/wp\/v2\/media?parent=7278"}],"wp:term":[{"taxonomy":"product_brand","embeddable":true,"href":"https:\/\/jpx.ro\/eurodac\/wp-json\/wp\/v2\/product_brand?post=7278"},{"taxonomy":"product_cat","embeddable":true,"href":"https:\/\/jpx.ro\/eurodac\/wp-json\/wp\/v2\/product_cat?post=7278"},{"taxonomy":"product_tag","embeddable":true,"href":"https:\/\/jpx.ro\/eurodac\/wp-json\/wp\/v2\/product_tag?post=7278"}],"curies":[{"name":"wp","href":"https:\/\/api.w.org\/{rel}","templated":true}]}}