{"id":7149,"date":"2020-03-07T19:10:27","date_gmt":"2020-03-07T17:10:27","guid":{"rendered":"https:\/\/acoperisuri-tigle-metalice.ro\/e\/?post_type=product&#038;p=7149"},"modified":"2025-05-21T11:17:10","modified_gmt":"2025-05-21T08:17:10","slug":"dozator-volumetric-svfa","status":"publish","type":"product","link":"https:\/\/jpx.ro\/eurodac\/product\/dozator-volumetric-svfa\/","title":{"rendered":"Dozator volumetric semiautomat   EDA-D-SEM5000"},"content":{"rendered":"<h6><\/h6>\n","protected":false},"excerpt":{"rendered":"<p>Dozatorul volumetric EDA-D-SEM5000 este proiectat s\u0103 dozeze o gama variat\u0103 de produse din industria alimentar\u0103, farmaceutic\u0103, cosmetic\u0103 \u0219i alte industrii.Toate componentele care intr\u0103 \u00een contact cu produsul sunt fabricate din o\u021bel inoxidabil de \u00eenalt\u0103 calitate, rugozitatea suprafe\u021bei fiind mai mic\u0103 de 0.8 microni. Acest echipament este \u00een totalitate pneumatic, fiind potrivit chiar \u0219i pentru mediile explozive sau cu umiditate ridicat\u0103.Datorit\u0103 acurate\u021bei mari \u0219i a necesarului de mentenan\u021b\u0103 sc\u0103zut, acest echipament este precis \u0219i flexibil.Poate fi realizat \u00een diferite variante care s\u0103 asigure intervalul de dozare solicitat av\u00e2nd posibilitatea de a fi modificat \u00een raport cu cerin\u021bele de productivitate. La cerere, este dotat cu duze speciale \u00een func\u021bie de v\u00e2scozitatea produsului de dozat.Echipamentul este conform cu reglement\u0103rile europene privind igiena \u0219i protec\u021bia muncii.Eurodac ofer\u0103 conceptul de solu\u021bie \u201ela cheie\u201d, oferind clien\u021bilor variante de dozatoare interconectate cu\u00a0 liniile de produc\u021bie specifice nevoilor clien\u021bilor.Este u\u0219or de utilizat \u0219i \u00eentre\u021binut put\u00e2nd realiza dozarea facil\u0103 a diverselor lichide:<\/p>\n<p>&#8211; alimentare (dulcea\u021b\u0103, miere, gem, crem\u0103, sos, bulion, etc.),<\/p>\n<p>&#8211; cosmetice (\u0219ampon, gel, crem\u0103, s\u0103pun, etc.)<\/p>\n<p>&#8211; chimice (vopsea, clei, solvent, etc).<\/p>\n<p>&nbsp;<\/p>\n<p>Caracteristici tehnice<\/p>\n<p>&#8211; Interval dozare [ml]: 5-5000<\/p>\n<p>&#8211; Acurate\u021be [%]: \u00b10.1<\/p>\n<p>&nbsp;<\/p>\n","protected":false},"featured_media":9573,"template":"","meta":[],"product_brand":[],"product_cat":[176],"product_tag":[],"class_list":{"0":"post-7149","1":"product","2":"type-product","3":"status-publish","4":"has-post-thumbnail","6":"product_cat-imbuteliere-si-dozare","8":"first","9":"instock","10":"shipping-taxable","11":"product-type-simple"},"brands":[],"_links":{"self":[{"href":"https:\/\/jpx.ro\/eurodac\/wp-json\/wp\/v2\/product\/7149","targetHints":{"allow":["GET"]}}],"collection":[{"href":"https:\/\/jpx.ro\/eurodac\/wp-json\/wp\/v2\/product"}],"about":[{"href":"https:\/\/jpx.ro\/eurodac\/wp-json\/wp\/v2\/types\/product"}],"version-history":[{"count":15,"href":"https:\/\/jpx.ro\/eurodac\/wp-json\/wp\/v2\/product\/7149\/revisions"}],"predecessor-version":[{"id":10892,"href":"https:\/\/jpx.ro\/eurodac\/wp-json\/wp\/v2\/product\/7149\/revisions\/10892"}],"wp:featuredmedia":[{"embeddable":true,"href":"https:\/\/jpx.ro\/eurodac\/wp-json\/wp\/v2\/media\/9573"}],"wp:attachment":[{"href":"https:\/\/jpx.ro\/eurodac\/wp-json\/wp\/v2\/media?parent=7149"}],"wp:term":[{"taxonomy":"product_brand","embeddable":true,"href":"https:\/\/jpx.ro\/eurodac\/wp-json\/wp\/v2\/product_brand?post=7149"},{"taxonomy":"product_cat","embeddable":true,"href":"https:\/\/jpx.ro\/eurodac\/wp-json\/wp\/v2\/product_cat?post=7149"},{"taxonomy":"product_tag","embeddable":true,"href":"https:\/\/jpx.ro\/eurodac\/wp-json\/wp\/v2\/product_tag?post=7149"}],"curies":[{"name":"wp","href":"https:\/\/api.w.org\/{rel}","templated":true}]}}