{"id":11046,"date":"2025-06-02T14:31:35","date_gmt":"2025-06-02T11:31:35","guid":{"rendered":"https:\/\/jpx.ro\/eurodac\/?post_type=product&#038;p=11046"},"modified":"2025-06-26T16:30:16","modified_gmt":"2025-06-26T13:30:16","slug":"linie-de-imbuteliere-in-borcane-100-1000-ml-eda-i-bor1000-copy","status":"publish","type":"product","link":"https:\/\/jpx.ro\/eurodac\/product\/linie-de-imbuteliere-in-borcane-100-1000-ml-eda-i-bor1000-copy\/","title":{"rendered":"Linie de \u00eembuteliere \u00een canistre"},"content":{"rendered":"\t\t<div data-elementor-type=\"product-post\" data-elementor-id=\"11046\" class=\"elementor elementor-11046\" data-elementor-post-type=\"product\">\n\t\t\t\t\t\t<section class=\"elementor-section elementor-top-section elementor-element elementor-element-9d8f251 elementor-section-boxed elementor-section-height-default elementor-section-height-default\" data-id=\"9d8f251\" data-element_type=\"section\" data-e-type=\"section\">\n\t\t\t\t\t\t<div class=\"elementor-container elementor-column-gap-default\">\n\t\t\t\t\t<div class=\"elementor-column elementor-col-100 elementor-top-column elementor-element elementor-element-268cc31\" data-id=\"268cc31\" data-element_type=\"column\" data-e-type=\"column\">\n\t\t\t<div class=\"elementor-widget-wrap elementor-element-populated\">\n\t\t\t\t\t\t<div class=\"elementor-element elementor-element-3f9f650 e-tabs-view-vertical elementor-layout-end elementor-widget elementor-widget-video-playlist\" data-id=\"3f9f650\" data-element_type=\"widget\" data-e-type=\"widget\" data-settings=\"{&quot;playlist_title&quot;:&quot;Playlist&quot;,&quot;tabs&quot;:[{&quot;_id&quot;:&quot;10d9c38&quot;,&quot;type&quot;:&quot;hosted&quot;,&quot;hosted_url&quot;:{&quot;url&quot;:&quot;http:\\\/\\\/jpx.ro\\\/eurodac\\\/wp-content\\\/uploads\\\/2025\\\/06\\\/Untitled-video-Made-with-Clipchamp-41.mp4&quot;,&quot;id&quot;:11156,&quot;size&quot;:&quot;&quot;},&quot;title&quot;:&quot;Linie imbuteliere canistre si bidoane&quot;,&quot;thumbnail&quot;:{&quot;url&quot;:&quot;http:\\\/\\\/jpx.ro\\\/eurodac\\\/wp-content\\\/uploads\\\/2021\\\/03\\\/PRTscr.jpg&quot;,&quot;id&quot;:9714,&quot;size&quot;:&quot;&quot;},&quot;youtube_url&quot;:null,&quot;vimeo_url&quot;:null,&quot;is_external_url&quot;:&quot;&quot;,&quot;external_url&quot;:null,&quot;section_html_tag&quot;:null,&quot;video_html_tag&quot;:&quot;h4&quot;,&quot;duration&quot;:&quot;&quot;,&quot;inner_tab_is_content_visible&quot;:&quot;&quot;,&quot;inner_tab_content_1&quot;:null,&quot;inner_tab_content_2&quot;:null}],&quot;inner_tab_title_1&quot;:&quot;Tab #1&quot;,&quot;inner_tab_title_2&quot;:&quot;Tab #2&quot;}\" data-widget_type=\"video-playlist.default\">\n\t\t\t\t<div class=\"elementor-widget-container\">\n\t\t\t\t\t\n\t\t<div class=\"e-tabs\" role=\"region\" aria-labelledby=\"e-playlist-3f9f650\">\n\t\t\t<div class=\"e-tabs-main-area\">\n\t\t\t\t<div class=\"e-tabs-wrapper\">\n\t\t\t\t\t<div class=\"e-tabs-header\">\n\t\t\t\t\t\t<h2 class=\"e-tabs-title\" id=\"e-playlist-3f9f650\">Playlist<\/h2>\n\t\t\t\t\t\t<div class=\"e-tabs-header-right-side\">\n\t\t\t\t\t\t\t\t\t\t\t\t\t\t\t<span class=\"e-tabs-videos-count\">1 Videos<\/span>\n\t\t\t\t\t\t\t\t\t\t\t\t\t\t<i aria-hidden=\"true\" class=\"e-tabs-toggle-videos-display-button rotate-down eicon-caret-down\"><\/i>\t\t\t\t\t\t<\/div>\n\t\t\t\t\t<\/div>\n\t\t\t\t\t<div class=\"e-tabs-items-wrapper\">\n\t\t\t\t\t\t<div class=\"e-tabs-items\" role=\"tablist\">\n\t\t\t\t\t\t\t\t\t\t\t\t\t\t\t\t\t\t\t\t\t\t\t\t<div id=\"e-tab-title-6671\" class=\"e-tab-title e-tab-desktop-title\" aria-selected=\"true\" data-tab=\"1\" role=\"tab\" tabindex=\"0\" aria-controls=\"e-tab-content-6671\">\n\t\t\t\t\t\t\t\t\t\t\t\t\t\t\t\t\t\t\t\t\t<div class=\"e-tab-thumbnail\">\n\t\t\t\t\t\t\t\t\t\t\t\t\t\t\t\t\t\t\t\t\t\t\t\t\t<img decoding=\"async\" src=\"https:\/\/jpx.ro\/eurodac\/wp-content\/uploads\/2021\/03\/PRTscr.jpg\" alt=\"Linie imbuteliere canistre si bidoane\" loading=\"lazy\" \/>\n\t\t\t\t\t\t\t\t\t\t\t\t\t\t\t\t\t\t\t\t\t\t\t\t<span class=\"icon-play\"><i aria-hidden=\"true\" class=\"fas fa-play-circle\"><\/i><\/span>\n\t\t\t\t\t\t\t\t\t\t\t\t<span class=\"icon-watched\"><i aria-hidden=\"true\" class=\"fas fa-check-circle\"><\/i><\/span>\n\t\t\t\t\t\t\t\t\t\t\t<\/div>\n\t\t\t\t\t\t\t\t\t\t\t\t\t\t\t\t\t\t\t\t<h4 class=\"e-tab-title-text\">\n\t\t\t\t\t\t\t\t\t\t\t<button type=\"button\">Linie imbuteliere canistre si bidoane<\/button>\n\t\t\t\t\t\t\t\t\t\t<\/h4>\n\t\t\t\t\t\t\t\t\t\t\t\t\t\t\t\t\t\t\t<\/div>\n\t\t\t\t\t\t\t\t\t\t\t\t\t\t\t\t\t\t\t\t\t<\/div>\n\t\t\t\t\t\t<div class=\"shadow shadow-top\" aria-hidden=\"true\"><\/div>\n\t\t\t\t\t\t<div class=\"shadow shadow-bottom\" aria-hidden=\"true\"><\/div>\n\t\t\t\t\t<\/div>\n\t\t\t\t<\/div>\n\n\t\t\t\t<div class=\"e-tabs-content-wrapper\" role=\"tablist\" aria-orientation=\"vertical\">\n\t\t\t\t\t\t\t\t\t\t\t<div id=\"e-tab-content-6671\" class=\"e-tab-content elementor-clearfix\" data-tab=\"1\" role=\"tabpanel\" aria-labelledby=\"e-tab-title-6671\" tabindex=\"0\" data-video-url=\"https:\/\/jpx.ro\/eurodac\/wp-content\/uploads\/2025\/06\/Untitled-video-Made-with-Clipchamp-41.mp4\" data-video-type=\"hosted\" data-video-title=\"Linie imbuteliere canistre si bidoane\" data-video-duration=\"\">\n\t\t\t\t\t\t\t<div><\/div>\n\t\t\t\t\t\t\t\t\t\t\t\t\t<\/div>\n\t\t\t\t\t\t\t\t\t<\/div>\n\t\t\t<\/div>\n\n\t\t\t<div class=\"e-tabs-inner-tabs\" >\n\t\t\t\t\t\t\t\t\t\t\t\t\t\t\t\t<\/div>\n\t\t<\/div>\n\t\t\t\t\t\t<\/div>\n\t\t\t\t<\/div>\n\t\t\t\t\t<\/div>\n\t\t<\/div>\n\t\t\t\t\t<\/div>\n\t\t<\/section>\n\t\t\t\t<\/div>\n\t\t","protected":false},"excerpt":{"rendered":"<p><!--StartFragment --><\/p>\n<p>Linie automat\u0103 de umplere lichid pentru canistre 5\u201325L cu capuire, etichetare \u0219i paletizare op\u021bional\u0103<\/p>\n<p>Aceast\u0103 linie complet automatizat\u0103 este proiectat\u0103 pentru \u00eembutelierea lichidelor \u00een canistre cu volume cuprinse \u00eentre 5 \u0219i 25 litri, fiind ideal\u0103 pentru aplica\u021bii industriale din sectoarele chimic, alimentar sau al produselor de cur\u0103\u021benie. Linia include urm\u0103toarele componente principale:<\/p>\n<p>&#8211; Sistem automat de alimentare canistre: conveior motorizat cu sistem de pozi\u021bionare pentru fiecare canistr\u0103.<\/p>\n<p>&#8211; Sta\u021bie de umplere cu control volumetric sau gravimetric: dozare precis\u0103 a lichidului \u00een func\u021bie de densitate, cu senzori pentru detectarea nivelului.<\/p>\n<p>&#8211; Sta\u021bie automat\u0103 de capuire: aplicare \u0219i str\u00e2ngere a capace\/\u0219uruburi, cu detectare de prezen\u021b\u0103 \u0219i cuplu controlat.<\/p>\n<p>&#8211; Sta\u021bie de etichetare automat\u0103: aplicarea de etichete pe una sau dou\u0103 fe\u021be, cu ajustare automat\u0103 pentru dimensiuni diferite.<\/p>\n<p>&#8211; Sistem op\u021bional de paletizare automat\u0103: robot de paletizare cu bra\u021b articulat sau portal, prev\u0103zut cu sistem de pozi\u021bionare pe pale\u021bi standard (EUR\/ISO).<\/p>\n<p>&#8211; Panou de comand\u0103 cu interfa\u021b\u0103 touchscreen: control centralizat al \u00eentregii linii, re\u021bete programabile, monitorizare \u00een timp real.<\/p>\n<p>&nbsp;<\/p>\n<p>Linia poate fi personalizat\u0103 \u00een func\u021bie de specifica\u021biile produsului \u0219i cerin\u021bele de produc\u021bie. Po\u021bi alege variante cu sisteme CIP (Clean-in-Place), carcase de protec\u021bie din inox, sau conectivitate industrial\u0103 IoT pentru integrarea \u00een sisteme SCADA.<\/p>\n<p><!--EndFragment --><\/p>\n","protected":false},"featured_media":11162,"template":"","meta":[],"product_brand":[],"product_cat":[176],"product_tag":[],"class_list":{"0":"post-11046","1":"product","2":"type-product","3":"status-publish","4":"has-post-thumbnail","6":"product_cat-imbuteliere-si-dozare","8":"first","9":"instock","10":"shipping-taxable","11":"product-type-simple"},"brands":[],"_links":{"self":[{"href":"https:\/\/jpx.ro\/eurodac\/wp-json\/wp\/v2\/product\/11046","targetHints":{"allow":["GET"]}}],"collection":[{"href":"https:\/\/jpx.ro\/eurodac\/wp-json\/wp\/v2\/product"}],"about":[{"href":"https:\/\/jpx.ro\/eurodac\/wp-json\/wp\/v2\/types\/product"}],"version-history":[{"count":10,"href":"https:\/\/jpx.ro\/eurodac\/wp-json\/wp\/v2\/product\/11046\/revisions"}],"predecessor-version":[{"id":11161,"href":"https:\/\/jpx.ro\/eurodac\/wp-json\/wp\/v2\/product\/11046\/revisions\/11161"}],"wp:featuredmedia":[{"embeddable":true,"href":"https:\/\/jpx.ro\/eurodac\/wp-json\/wp\/v2\/media\/11162"}],"wp:attachment":[{"href":"https:\/\/jpx.ro\/eurodac\/wp-json\/wp\/v2\/media?parent=11046"}],"wp:term":[{"taxonomy":"product_brand","embeddable":true,"href":"https:\/\/jpx.ro\/eurodac\/wp-json\/wp\/v2\/product_brand?post=11046"},{"taxonomy":"product_cat","embeddable":true,"href":"https:\/\/jpx.ro\/eurodac\/wp-json\/wp\/v2\/product_cat?post=11046"},{"taxonomy":"product_tag","embeddable":true,"href":"https:\/\/jpx.ro\/eurodac\/wp-json\/wp\/v2\/product_tag?post=11046"}],"curies":[{"name":"wp","href":"https:\/\/api.w.org\/{rel}","templated":true}]}}