{"id":10167,"date":"2025-02-07T15:56:32","date_gmt":"2025-02-07T13:56:32","guid":{"rendered":"https:\/\/jpx.ro\/eurodac\/?post_type=product&#038;p=10167"},"modified":"2025-05-20T16:44:37","modified_gmt":"2025-05-20T13:44:37","slug":"echipament-de-ambalat-in-caserole-termoformate","status":"publish","type":"product","link":"https:\/\/jpx.ro\/eurodac\/product\/echipament-de-ambalat-in-caserole-termoformate\/","title":{"rendered":"Echipament de ambalat \u00een caserole termoformate"},"content":{"rendered":"\t\t<div data-elementor-type=\"product-post\" data-elementor-id=\"10167\" class=\"elementor elementor-10167\" data-elementor-post-type=\"product\">\n\t\t\t\t\t\t<section class=\"elementor-section elementor-top-section elementor-element elementor-element-60b5a89 elementor-section-boxed elementor-section-height-default elementor-section-height-default\" data-id=\"60b5a89\" data-element_type=\"section\" data-e-type=\"section\">\n\t\t\t\t\t\t<div class=\"elementor-container elementor-column-gap-default\">\n\t\t\t\t\t<div class=\"elementor-column elementor-col-100 elementor-top-column elementor-element elementor-element-6fe5b09\" data-id=\"6fe5b09\" data-element_type=\"column\" data-e-type=\"column\">\n\t\t\t<div class=\"elementor-widget-wrap\">\n\t\t\t\t\t\t\t<\/div>\n\t\t<\/div>\n\t\t\t\t\t<\/div>\n\t\t<\/section>\n\t\t\t\t<\/div>\n\t\t","protected":false},"excerpt":{"rendered":"<p>Ma\u0219inile de ambalat \u00een caserole termoformate sunt echipamente de \u00eenalt\u0103 performan\u021b\u0103, concepute pentru a oferi solu\u021bii eficiente \u0219i rapide \u00een procesul de ambalare a produselor \u00eentr-o varietate de caserole. Aceste ma\u0219ini sunt folosite \u00een special \u00een industriile alimentar\u0103 (lactate, mezeluri, legume \u0219i fructe procesate etc), farmaceutic\u0103 \u0219i industria bunurilor de larg consum, unde necesitatea unei ambal\u0103ri rapide, sigure \u0219i precise este esen\u021bial\u0103.Echipamentul este dotat cu ecran HMI u\u0219or de utilizat, ce permite operatorilor s\u0103 configureze \u0219i s\u0103 salveze diverse programe de ambalare. Set\u0103rile personalizabile ale ma\u0219inii ofer\u0103 o flexibilitate sporit\u0103, adapt\u00e2ndu-se diferitelor formate de ambalaje \u0219i tipuri de produse.Functionarea masinii de ambalat in caserole termoformate:<br \/>\nMa\u0219ina este alimentat\u0103 cu o rol\u0103 de folie termoformabil\u0103 (de obicei din PET, PP, PVC sau PS). Folia este desf\u0103\u0219urat\u0103 cu ajutorul unui sistem de role \u00eentinzatoare ac\u021bionate de servomotoare.Folia trece printr-o zon\u0103 termic\u0103, unde este \u00eenc\u0103lzit\u0103 p\u00e2n\u0103 ajunge la o temperatur\u0103 optim\u0103 pentru formare apoi ceasta este presat\u0103 \u00eentr-o matri\u021b\u0103 special\u0103 pentru a ob\u021bine forma caserolei dorite.<br \/>\nDup\u0103 formare, caserolele se deplaseaz\u0103 c\u0103tre sta\u021bia de umplere, unde produsele sunt introduse manual sau automat, \u00een func\u021bie de specifica\u021biile echipamentului.Peste caserole este plasat\u0103 o folie superioar\u0103 (de obicei o folie de sigilare customizat\u0103), care este lipit\u0103 prin termo-sigilare.Dup\u0103 sigilare, caserolele sunt decupate \u00een unit\u0103\u021bi individuale printr-un sistem de t\u0103iere (cu\u021bite mecanice sau lame rotative).Caserolele gata ambalate sunt transportate pe o band\u0103 transportoare c\u0103tre zona de colectare, unde sunt preluate pentru depozitare sau expediere.<\/p>\n<p>&nbsp;<\/p>\n<p>Caracteristici tehnice:<\/p>\n<p>&#8211; Dimensiuni Matri\u021ba Max. : 800 x 580 mm<\/p>\n<p>&#8211; Tipuri de folii: PET, RPET, PP, PVC, PS, OPS, PLA, CPET<\/p>\n<p>&#8211; \u00cen\u0103l\u021bimea produsului Max. : 130 mm<\/p>\n<p>&#8211; Grosimea foii: 0.25 -1.6 mm<\/p>\n<p>&#8211; L\u0103\u021bime Max. Foaie: 840mm<\/p>\n<p>&#8211; Vacuum: 150 m3\/h<\/p>\n<p>&nbsp;<\/p>\n<p>Optionale:<\/p>\n<p>&#8211; Integrarea imprimantelor \u0219i etichetatoarelo<\/p>\n<p>&#8211; Integrarea sistemelor de dozare (c\u00e2ntar, sistem volumetric, dozare cu \u0219nec, pompe etc)<\/p>\n<p>&#8211; Introducere gaz inert<\/p>\n<p>&#8211; Vidare<\/p>\n<p>&#8211; Mentenan\u021b\u0103\u00a0 preventiv\u0103 sistem EuroDac AIE \u0219i monitorizare la distan\u021b\u0103.<\/p>\n<p>&nbsp;<\/p>\n","protected":false},"featured_media":10230,"template":"","meta":[],"product_brand":[],"product_cat":[188,189,191,177,192],"product_tag":[196,226,199,197,198,195],"class_list":{"0":"post-10167","1":"product","2":"type-product","3":"status-publish","4":"has-post-thumbnail","6":"product_cat-alimentara-bauturi","7":"product_cat-farmaceutica-cosmetica","8":"product_cat-industria-chimica","9":"product_cat-masini-de-ambalat","10":"product_cat-materialelor-de-constructii","11":"product_tag-ambalare-verticala","12":"product_tag-echipament-ambalare-seminte-nuci","13":"product_tag-masina-ambalat-orez","14":"product_tag-masina-ambalat-prafoase","15":"product_tag-masina-ambalat-zahar","16":"product_tag-masina-de-ambalat","18":"first","19":"instock","20":"shipping-taxable","21":"product-type-simple"},"brands":[],"_links":{"self":[{"href":"https:\/\/jpx.ro\/eurodac\/wp-json\/wp\/v2\/product\/10167","targetHints":{"allow":["GET"]}}],"collection":[{"href":"https:\/\/jpx.ro\/eurodac\/wp-json\/wp\/v2\/product"}],"about":[{"href":"https:\/\/jpx.ro\/eurodac\/wp-json\/wp\/v2\/types\/product"}],"version-history":[{"count":12,"href":"https:\/\/jpx.ro\/eurodac\/wp-json\/wp\/v2\/product\/10167\/revisions"}],"predecessor-version":[{"id":10881,"href":"https:\/\/jpx.ro\/eurodac\/wp-json\/wp\/v2\/product\/10167\/revisions\/10881"}],"wp:featuredmedia":[{"embeddable":true,"href":"https:\/\/jpx.ro\/eurodac\/wp-json\/wp\/v2\/media\/10230"}],"wp:attachment":[{"href":"https:\/\/jpx.ro\/eurodac\/wp-json\/wp\/v2\/media?parent=10167"}],"wp:term":[{"taxonomy":"product_brand","embeddable":true,"href":"https:\/\/jpx.ro\/eurodac\/wp-json\/wp\/v2\/product_brand?post=10167"},{"taxonomy":"product_cat","embeddable":true,"href":"https:\/\/jpx.ro\/eurodac\/wp-json\/wp\/v2\/product_cat?post=10167"},{"taxonomy":"product_tag","embeddable":true,"href":"https:\/\/jpx.ro\/eurodac\/wp-json\/wp\/v2\/product_tag?post=10167"}],"curies":[{"name":"wp","href":"https:\/\/api.w.org\/{rel}","templated":true}]}}