{"id":31921,"date":"2025-10-17T18:52:26","date_gmt":"2025-10-17T16:52:26","guid":{"rendered":"https:\/\/jpx.ro\/belsystem\/produs\/bernoulli-gripper-with-coanda-grip-znc-c\/"},"modified":"2025-10-22T10:45:16","modified_gmt":"2025-10-22T08:45:16","slug":"bernoulli-gripper-with-coanda-grip-znc-c","status":"publish","type":"product","link":"https:\/\/jpx.ro\/belsystem\/produs\/bernoulli-gripper-with-coanda-grip-znc-c\/","title":{"rendered":"Gripper Bernoulli cu prindere Coanda \u2013 ZNC-C"},"content":{"rendered":"<div class=\"col-12 col-lg-8\">\n<h1 class=\"heading-02\" data-swiftype-index=\"true\"><\/h1>\n<h2 class=\"heading-03 sub-description\" data-swiftype-index=\"true\"><\/h2>\n<div class=\"col-12\">\n<div class=\"name-description name-description-desktop\">\n<h3 class=\"heading-04 description__title\">Nu pierde\u021bi priza<\/h3>\n<div class=\"description\" style=\"height: 300px;\">\n<ul>\n<li><b>Ob\u021bine\u021bi o priz\u0103 mai precis\u0103<\/b>\u2013 Reduce\u021bi impactul fluxului de aer asupra pieselor de lucru u\u0219oare \u0219i a pieselor de lucru adiacente<\/li>\n<li><b>Manevra\u021bi piesa de lucru str\u00e2ns<\/b>\u2013 Previne alunecarea lateral\u0103 a pieselor de lucru alunecoase sau cu form\u0103 neregulat\u0103<\/li>\n<li><b>Utiliza\u021bi-l direct pe alimente<\/b>\u2013 Cauciuc conform FDA \u0219i EU1935<\/li>\n<li><b>Evita\u021bi contaminarea sistemului<\/b>\u2013 Nu exist\u0103 risc de aspirare pulbere care ader\u0103 la piesa de prelucrat \u00een dispozitiv \u0219i \u021beav\u0103.<\/li>\n<\/ul>\n<\/div>\n<\/div>\n<div class=\"name-description name-description-desktop\">\n<h3 class=\"heading-04 description__title\">\u0218i multe altele<\/h3>\n<div class=\"description\" style=\"height: 300px;\">\n<ul>\n<li>Dimensiuni: \u00d8 20, \u00d8 30, \u00d8 40, \u00d8 60, \u00d8 80<\/li>\n<li>For\u021b\u0103 de ridicare: P\u00e2n\u0103 la 15,4 N<\/li>\n<li>Materialul corpului: O\u021bel inoxidabil, aluminiu<\/li>\n<li>Capac de suprimare a vibra\u021biilor. Zgomotul vibra\u021biilor \u00een timpul adsorb\u021biei este redus p\u00e2n\u0103 la 17dB \u00een cazul pieselor de prelucrat sub\u021biri<\/li>\n<li>Se pot utiliza mai multe porturi ca senzor sau port de eliberare.<\/li>\n<\/ul>\n<\/div>\n<\/div>\n<\/div>\n<\/div>\n","protected":false},"excerpt":{"rendered":"<p>Nu pierde\u021bi priza Ob\u021bine\u021bi o priz\u0103 mai precis\u0103\u2013 Reduce\u021bi impactul fluxului de aer asupra pieselor de lucru u\u0219oare \u0219i a pieselor de lucru adiacente Manevra\u021bi piesa de lucru str\u00e2ns\u2013 Previne alunecarea lateral\u0103 a pieselor de lucru alunecoase sau cu form\u0103 neregulat\u0103 Utiliza\u021bi-l direct pe alimente\u2013 Cauciuc conform FDA \u0219i EU1935 Evita\u021bi contaminarea sistemului\u2013 Nu exist\u0103 [&hellip;]<\/p>\n","protected":false},"featured_media":31920,"template":"","meta":[],"product_brand":[],"product_cat":[1323],"product_tag":[1433,1324,1319],"class_list":{"0":"post-31921","1":"product","2":"type-product","3":"status-publish","4":"has-post-thumbnail","6":"product_cat-ventuze-de-vacuum","7":"product_tag-non-contact-grippers","8":"product_tag-vacuum-pads","9":"product_tag-vacuum-products","11":"first","12":"instock","13":"taxable","14":"shipping-taxable","15":"purchasable","16":"product-type-simple"},"_links":{"self":[{"href":"https:\/\/jpx.ro\/belsystem\/wp-json\/wp\/v2\/product\/31921","targetHints":{"allow":["GET"]}}],"collection":[{"href":"https:\/\/jpx.ro\/belsystem\/wp-json\/wp\/v2\/product"}],"about":[{"href":"https:\/\/jpx.ro\/belsystem\/wp-json\/wp\/v2\/types\/product"}],"wp:featuredmedia":[{"embeddable":true,"href":"https:\/\/jpx.ro\/belsystem\/wp-json\/wp\/v2\/media\/31920"}],"wp:attachment":[{"href":"https:\/\/jpx.ro\/belsystem\/wp-json\/wp\/v2\/media?parent=31921"}],"wp:term":[{"taxonomy":"product_brand","embeddable":true,"href":"https:\/\/jpx.ro\/belsystem\/wp-json\/wp\/v2\/product_brand?post=31921"},{"taxonomy":"product_cat","embeddable":true,"href":"https:\/\/jpx.ro\/belsystem\/wp-json\/wp\/v2\/product_cat?post=31921"},{"taxonomy":"product_tag","embeddable":true,"href":"https:\/\/jpx.ro\/belsystem\/wp-json\/wp\/v2\/product_tag?post=31921"}],"curies":[{"name":"wp","href":"https:\/\/api.w.org\/{rel}","templated":true}]}}